and 44.
4
What is the greatest common factor of 1971 and 81?
27
What is the highest common factor of 730 and 90?
10
Calculate the highest common factor of 5180 and 1820.
140
What is the greatest common divisor of 37635 and 195?
195
Calculate the greatest common factor of 308 and 2002.
154
Calculate the highest common divisor of 32 and 400.
16
What is the highest common divisor of 2288 and 3328?
208
What is the highest common divisor of 35 and 25?
5
What is the highest common divisor of 90 and 120?
30
What is the greatest common factor of 357 and 51?
51
Calculate the highest common factor of 828 and 24.
12
Calculate the highest common factor of 243 and 1323.
27
Calculate the highest common divisor of 1422 and 162.
18
Calculate the greatest common divisor of 120 and 30.
30
What is the greatest common factor of 4 and 1888?
4
Calculate the highest common factor of 3105 and 135.
135
What is the greatest common divisor of 112 and 28?
28
Calculate the greatest common factor of 69 and 92.
23
Calculate the greatest common factor of 18 and 162.
18
Calculate the greatest common factor of 210 and 378.
42
Calculate the highest common divisor of 231 and 33.
33
Calculate the greatest common factor of 6408 and 72.
72
Calculate the greatest common divisor of 95 and 114.
19
What is the greatest common factor of 9 and 17?
1
Calculate the greatest common factor of 1118 and 5762.
86
What is the highest common factor of 5453 and 82?
41
What is the greatest common factor of 468 and 36?
36
What is the highest common divisor of 48 and 1128?
24
What is the greatest common divisor of 237 and 553?
79
What is the greatest common divisor of 616 and 63?
7
Calculate the highest common divisor of 24 and 552.
24
Calculate the highest common divisor of 36 and 6.
6
What is the highest common factor of 46 and 1357?
23
Calculate the highest common divisor of 1998 and 74.
74
What is the greatest common factor of 128 and 144?
16
What is the greatest common divisor of 2 and 434?
2
Calculate the greatest common factor of 6 and 453.
3
What is the highest common divisor of 2123 and 55?
11
What is the greatest common factor of 5762 and 86?
86
Calculate the highest common divisor of 100 and 5025.
25
What is the greatest common factor of 89 and 1157?
89
What is the greatest common divisor of 57 and 3116?
19
Calculate the highest common factor of 333 and 2097.
9
What is the greatest common divisor of 10508 and 444?
148
What is the highest common factor of 72 and 1332?
36
What is the highest common divisor of 1950 and 78?
78
What is the highest common divisor of 74 and 629?
37
What is the highest common divisor of 208 and 14768?
208
Calculate the highest common divisor of 96 and 3.
3
Calculate the highest common divisor of 99 and 4653.
99
What is the highest common factor of 49 and 10094?
49
What is the greatest common factor of 4 and 2836?
4
What is the highest common divisor of 1807 and 52?
13
What is the greatest common factor of 287 and 164?
41
Calculate the greatest common divisor of 368 and 69.
23
What is the highest common factor of 108 and 162?
54
What is the highest common divisor of 88 and 1804?
44
Calculate the greatest common divisor of 288 and 2376.
72
What is the greatest common factor of 695 and 1529?
139
What is the highest common divisor of 2 and 115?
1
Calculate the greatest common divisor of 589 and 19.
19
What is the greatest common divisor of 14 and 238?
14
Calculate the highest common divisor of 50 and 520.
10
Calculate the greatest common factor of 4071 and 69.
69
Calculate the highest common divisor of 44 and 891.
11
Calculate the highest common divisor of 6039 and 33.
33
Calculate the greatest common divisor of 295 and 118.
59
Calculate the highest common divisor of 65 and 117.
13
Calculate the highest common divisor of 524 and 20.
4
Calculate the highest common factor of 15 and 285.
15
What is the greatest common divisor of 111 and 74?
37
Calculate the greatest common factor of 20 and 10.
10
Calculate the greatest common divisor of 18 and 486.
18
Calculate the greatest common factor of 792 and 3042.
18
What is the highest common factor of 255 and 60?
15
Calculate the greatest common divisor of 304 and 114.
38
What is the greatest common divisor of 4040 and 40?
40
Calculate the highest common divisor of 420 and 1050.
210
What is the greatest common factor of 204 and 510?
102
What is the greatest common divisor of 814 and 242?
22
What is the highest common factor of 480 and 30?
30
Calculate the greatest common factor of 1470 and 2490.
30
What is the greatest common factor of 24 and 7064?
8
What is the greatest common factor of 4720 and 320?
80
Calculate the highest common divisor of 13141 and 17.
17
Calculate the highest common divisor of 40 and 160.
40
What is the greatest common divisor of 1856 and 58?
58
What is the highest common divisor of 50 and 1250?
50
What is the highest common factor of 16 and 256?
16
What is the greatest common divisor of 34 and 8?
2
Calculate the highest common factor of 225 and 9.
9
What is the highest common divisor of 80 and 32?
16
Calculate the highest common factor of 3100 and 600.
100
What is the greatest common divisor of 14188 and 4?
4
What is the greatest common factor of 87 and 10411?
29
What is the greatest common divisor of 2201 and 31?
31
What is the highest common divisor of 6 and 402?
6
What is the highest common divisor of 6014 and 124?
62
Calculate the greatest common divisor of 42 and 658.
14
What is the highest common factor of 66 and 176?
22
Calculate the greatest common factor of 58 and 1392.
58
Calculate the highest common factor of 2254 and 2.
2
What is the highest common factor of 612 and 1152?
36
What is the highest common divisor of 36 and 162?
18
Calculate the greatest common divisor of 901 and 17.
17
What is the greatest common factor of 4 and 6452?
4
Calculate the highest common factor of 144 and 27.
9
What is the highest common divisor of 1995 and 210?
105
Calculate the highest common factor of 15 and 645.
15
Calculate the greatest common factor of 18 and 6.
6
What is the greatest common factor of 11 and 187?
11
What is the greatest common factor of 1053 and 891?
81
What is the highest common divisor of 325 and 26?
13
What is the highest common divisor of 1216 and 48?
16
Calculate the highest common factor of 164 and 5822.
82
Calculate the highest common factor of 6657 and 84.
21
Calculate the highest common factor of 255 and 136.
17
Calculate the greatest common divisor of 36 and 99.
9
Calculate the greatest common divisor of 20922 and 132.
66
Calculate the greatest common divisor of 624 and 39.
39
Calculate the highest common divisor of 19257 and 441.
147
Calculate the greatest common divisor of 1824 and 399.
57
What is the greatest common factor of 28159 and 29?
29
What is the highest common divisor of 1224 and 1122?
102
Calculate the greatest common divisor of 47 and 1175.
47
What is the highest common factor of 174 and 6?
6
What is the highest common factor of 2646 and 70?
14
What is the greatest common divisor of 108 and 6444?
36
What is the highest common factor of 296 and 8?
8
What is the greatest common factor of 598 and 2314?
26
Calculate the greatest common factor of 87 and 8149.
29
Calculate the greatest common factor of 9531 and 27.
27
What is the highest common divisor of 91 and 16003?
13
What is the greatest common divisor of 781 and 55?
11
What is the greatest common divisor of 114 and 2014?
38
Calculate the highest common divisor of 260 and 442.
26
What is the highest common divisor of 1156 and 1564?
68
Calculate the greatest common divisor of 16 and 15056.
16
Calculate the greatest common factor of 403 and 1521.
13
Calculate the greatest common factor of 22 and 220.
22
Calculate the highest common factor of 253 and 319.
11
Calculate the greatest common divisor of 154 and 28.
14
What is the greatest common divisor of 86 and 602?
86
Calculate the greatest common factor of 370 and 20.
10
What is the highest common factor of 18 and 1017?
9
What is the highest common factor of 477 and 53?
53
What is the highest common divisor of 27 and 75?
3
What is the greatest common divisor of 455 and 2555?
35
Calculate the greatest common factor of 156 and 8.
4
What is the greatest common factor of 15 and